{"id":24,"date":"2020-10-29T11:55:04","date_gmt":"2020-10-29T10:55:04","guid":{"rendered":"https:\/\/martizay.fr\/?page_id=24"},"modified":"2026-03-03T09:23:56","modified_gmt":"2026-03-03T08:23:56","slug":"habiter-a-martizay","status":"publish","type":"page","link":"https:\/\/martizay.fr\/index.php\/habiter-a-martizay\/","title":{"rendered":"Vivre \u00e0 Martizay"},"content":{"rendered":"\t\t<div data-elementor-type=\"wp-page\" data-elementor-id=\"24\" class=\"elementor elementor-24\" data-elementor-settings=\"[]\">\n\t\t\t\t\t\t<div class=\"elementor-inner\">\n\t\t\t\t\t\t\t<div class=\"elementor-section-wrap\">\n\t\t\t\t\t\t\t<section class=\"elementor-section elementor-top-section elementor-element elementor-element-f549fbe elementor-section-boxed elementor-section-height-default elementor-section-height-default\" data-id=\"f549fbe\" data-element_type=\"section\">\n\t\t\t\t\t\t<div class=\"elementor-container elementor-column-gap-default\">\n\t\t\t\t\t\t\t<div class=\"elementor-row\">\n\t\t\t\t\t<div class=\"elementor-column elementor-col-100 elementor-top-column elementor-element elementor-element-3f8f8f1\" data-id=\"3f8f8f1\" data-element_type=\"column\">\n\t\t\t<div class=\"elementor-column-wrap elementor-element-populated\">\n\t\t\t\t\t\t\t<div class=\"elementor-widget-wrap\">\n\t\t\t\t\t\t<div class=\"elementor-element elementor-element-eff14c4 elementor-widget elementor-widget-text-editor\" data-id=\"eff14c4\" data-element_type=\"widget\" data-widget_type=\"text-editor.default\">\n\t\t\t\t<div class=\"elementor-widget-container\">\n\t\t\t\t\t\t\t\t<div class=\"elementor-text-editor elementor-clearfix\">\n\t\t\t\t\t<h2><a href=\"https:\/\/martizay.fr\/index.php\/lecole\/\">L&rsquo;\u00e9cole<\/a><\/h2><h2><a href=\"https:\/\/martizay.fr\/index.php\/services-de-sante\/\">Service de sant\u00e9<\/a><\/h2><h2><a href=\"https:\/\/martizay.fr\/index.php\/la-marpa\/\">La MARPA<\/a><\/h2><h2><a href=\"https:\/\/martizay.fr\/index.php\/la-mediatheque\/\">La m\u00e9diath\u00e8que<\/a><\/h2><h2><a href=\"https:\/\/martizay.fr\/index.php\/la-maison-du-village\/\">La maison du village<\/a><\/h2><h2><a href=\"https:\/\/martizay.fr\/index.php\/foires-et-manifestations\/\">Foires et manifestations<\/a><\/h2><h2><a href=\"https:\/\/martizay.fr\/index.php\/les-salles-et-structures-municipale\/\">Les salles et structures municipale<\/a><\/h2><h2><a href=\"https:\/\/martizay.fr\/index.php\/le-service-deau\/\">Le service d&rsquo;eau<\/a><\/h2><h2><a href=\"https:\/\/martizay.fr\/index.php\/la-poste\/\">La poste<\/a><\/h2><h2><a href=\"https:\/\/martizay.fr\/index.php\/les-dechets\/\">Les d\u00e9chets<\/a><\/h2><h2><a href=\"https:\/\/martizay.fr\/index.php\/les-pompiers\/\">Les pompiers<\/a><\/h2>\t\t\t\t\t<\/div>\n\t\t\t\t\t\t<\/div>\n\t\t\t\t<\/div>\n\t\t\t\t\t\t<\/div>\n\t\t\t\t\t<\/div>\n\t\t<\/div>\n\t\t\t\t\t\t\t\t<\/div>\n\t\t\t\t\t<\/div>\n\t\t<\/section>\n\t\t\t\t\t\t<\/div>\n\t\t\t\t\t\t<\/div>\n\t\t\t\t\t<\/div>\n\t\t","protected":false},"excerpt":{"rendered":"<p>L&rsquo;\u00e9cole Service de sant\u00e9 La MARPA La m\u00e9diath\u00e8que La maison du village Foires et manifestations Les salles et structures municipale Le service d&rsquo;eau La poste Les d\u00e9chets Les pompiers<\/p>\n","protected":false},"author":1,"featured_media":1762,"parent":0,"menu_order":0,"comment_status":"closed","ping_status":"closed","template":"","meta":[],"yoast_head":"<!-- This site is optimized with the Yoast SEO plugin v18.3 - https:\/\/yoast.com\/wordpress\/plugins\/seo\/ -->\n<title>Vivre \u00e0 Martizay - Martizay<\/title>\n<meta name=\"robots\" content=\"index, follow, max-snippet:-1, max-image-preview:large, max-video-preview:-1\" \/>\n<link rel=\"canonical\" href=\"https:\/\/martizay.fr\/index.php\/habiter-a-martizay\/\" \/>\n<meta property=\"og:locale\" content=\"fr_FR\" \/>\n<meta property=\"og:type\" content=\"article\" \/>\n<meta property=\"og:title\" content=\"Vivre \u00e0 Martizay - Martizay\" \/>\n<meta property=\"og:description\" content=\"L&rsquo;\u00e9cole Service de sant\u00e9 La MARPA La m\u00e9diath\u00e8que La maison du village Foires et manifestations Les salles et structures municipale Le service d&rsquo;eau La poste Les d\u00e9chets Les pompiers\" \/>\n<meta property=\"og:url\" content=\"https:\/\/martizay.fr\/index.php\/habiter-a-martizay\/\" \/>\n<meta property=\"og:site_name\" content=\"Martizay\" \/>\n<meta property=\"article:modified_time\" content=\"2026-03-03T08:23:56+00:00\" \/>\n<meta property=\"og:image\" content=\"https:\/\/martizay.fr\/wp-content\/uploads\/2020\/12\/photo-1542037104857-ffbb0b9155fb.jpg\" \/>\n\t<meta property=\"og:image:width\" content=\"2150\" \/>\n\t<meta property=\"og:image:height\" content=\"1655\" \/>\n\t<meta property=\"og:image:type\" content=\"image\/jpeg\" \/>\n<meta name=\"twitter:card\" content=\"summary_large_image\" \/>\n<meta name=\"twitter:label1\" content=\"Dur\u00e9e de lecture estim\u00e9e\" \/>\n\t<meta name=\"twitter:data1\" content=\"1 minute\" \/>\n<script type=\"application\/ld+json\" class=\"yoast-schema-graph\">{\"@context\":\"https:\/\/schema.org\",\"@graph\":[{\"@type\":\"WebSite\",\"@id\":\"https:\/\/martizay.fr\/#website\",\"url\":\"https:\/\/martizay.fr\/\",\"name\":\"Martizay\",\"description\":\"Le site de la commune de Martizay\",\"potentialAction\":[{\"@type\":\"SearchAction\",\"target\":{\"@type\":\"EntryPoint\",\"urlTemplate\":\"https:\/\/martizay.fr\/?s={search_term_string}\"},\"query-input\":\"required name=search_term_string\"}],\"inLanguage\":\"fr-FR\"},{\"@type\":\"ImageObject\",\"@id\":\"https:\/\/martizay.fr\/index.php\/habiter-a-martizay\/#primaryimage\",\"inLanguage\":\"fr-FR\",\"url\":\"https:\/\/martizay.fr\/wp-content\/uploads\/2020\/12\/photo-1542037104857-ffbb0b9155fb.jpg\",\"contentUrl\":\"https:\/\/martizay.fr\/wp-content\/uploads\/2020\/12\/photo-1542037104857-ffbb0b9155fb.jpg\",\"width\":2150,\"height\":1655},{\"@type\":\"WebPage\",\"@id\":\"https:\/\/martizay.fr\/index.php\/habiter-a-martizay\/#webpage\",\"url\":\"https:\/\/martizay.fr\/index.php\/habiter-a-martizay\/\",\"name\":\"Vivre \u00e0 Martizay - Martizay\",\"isPartOf\":{\"@id\":\"https:\/\/martizay.fr\/#website\"},\"primaryImageOfPage\":{\"@id\":\"https:\/\/martizay.fr\/index.php\/habiter-a-martizay\/#primaryimage\"},\"datePublished\":\"2020-10-29T10:55:04+00:00\",\"dateModified\":\"2026-03-03T08:23:56+00:00\",\"breadcrumb\":{\"@id\":\"https:\/\/martizay.fr\/index.php\/habiter-a-martizay\/#breadcrumb\"},\"inLanguage\":\"fr-FR\",\"potentialAction\":[{\"@type\":\"ReadAction\",\"target\":[\"https:\/\/martizay.fr\/index.php\/habiter-a-martizay\/\"]}]},{\"@type\":\"BreadcrumbList\",\"@id\":\"https:\/\/martizay.fr\/index.php\/habiter-a-martizay\/#breadcrumb\",\"itemListElement\":[{\"@type\":\"ListItem\",\"position\":1,\"name\":\"Accueil\",\"item\":\"https:\/\/martizay.fr\/\"},{\"@type\":\"ListItem\",\"position\":2,\"name\":\"Vivre \u00e0 Martizay\"}]}]}<\/script>\n<!-- \/ Yoast SEO plugin. -->","yoast_head_json":{"title":"Vivre \u00e0 Martizay - Martizay","robots":{"index":"index","follow":"follow","max-snippet":"max-snippet:-1","max-image-preview":"max-image-preview:large","max-video-preview":"max-video-preview:-1"},"canonical":"https:\/\/martizay.fr\/index.php\/habiter-a-martizay\/","og_locale":"fr_FR","og_type":"article","og_title":"Vivre \u00e0 Martizay - Martizay","og_description":"L&rsquo;\u00e9cole Service de sant\u00e9 La MARPA La m\u00e9diath\u00e8que La maison du village Foires et manifestations Les salles et structures municipale Le service d&rsquo;eau La poste Les d\u00e9chets Les pompiers","og_url":"https:\/\/martizay.fr\/index.php\/habiter-a-martizay\/","og_site_name":"Martizay","article_modified_time":"2026-03-03T08:23:56+00:00","og_image":[{"width":2150,"height":1655,"url":"https:\/\/martizay.fr\/wp-content\/uploads\/2020\/12\/photo-1542037104857-ffbb0b9155fb.jpg","type":"image\/jpeg"}],"twitter_card":"summary_large_image","twitter_misc":{"Dur\u00e9e de lecture estim\u00e9e":"1 minute"},"schema":{"@context":"https:\/\/schema.org","@graph":[{"@type":"WebSite","@id":"https:\/\/martizay.fr\/#website","url":"https:\/\/martizay.fr\/","name":"Martizay","description":"Le site de la commune de Martizay","potentialAction":[{"@type":"SearchAction","target":{"@type":"EntryPoint","urlTemplate":"https:\/\/martizay.fr\/?s={search_term_string}"},"query-input":"required name=search_term_string"}],"inLanguage":"fr-FR"},{"@type":"ImageObject","@id":"https:\/\/martizay.fr\/index.php\/habiter-a-martizay\/#primaryimage","inLanguage":"fr-FR","url":"https:\/\/martizay.fr\/wp-content\/uploads\/2020\/12\/photo-1542037104857-ffbb0b9155fb.jpg","contentUrl":"https:\/\/martizay.fr\/wp-content\/uploads\/2020\/12\/photo-1542037104857-ffbb0b9155fb.jpg","width":2150,"height":1655},{"@type":"WebPage","@id":"https:\/\/martizay.fr\/index.php\/habiter-a-martizay\/#webpage","url":"https:\/\/martizay.fr\/index.php\/habiter-a-martizay\/","name":"Vivre \u00e0 Martizay - Martizay","isPartOf":{"@id":"https:\/\/martizay.fr\/#website"},"primaryImageOfPage":{"@id":"https:\/\/martizay.fr\/index.php\/habiter-a-martizay\/#primaryimage"},"datePublished":"2020-10-29T10:55:04+00:00","dateModified":"2026-03-03T08:23:56+00:00","breadcrumb":{"@id":"https:\/\/martizay.fr\/index.php\/habiter-a-martizay\/#breadcrumb"},"inLanguage":"fr-FR","potentialAction":[{"@type":"ReadAction","target":["https:\/\/martizay.fr\/index.php\/habiter-a-martizay\/"]}]},{"@type":"BreadcrumbList","@id":"https:\/\/martizay.fr\/index.php\/habiter-a-martizay\/#breadcrumb","itemListElement":[{"@type":"ListItem","position":1,"name":"Accueil","item":"https:\/\/martizay.fr\/"},{"@type":"ListItem","position":2,"name":"Vivre \u00e0 Martizay"}]}]}},"_links":{"self":[{"href":"https:\/\/martizay.fr\/index.php\/wp-json\/wp\/v2\/pages\/24"}],"collection":[{"href":"https:\/\/martizay.fr\/index.php\/wp-json\/wp\/v2\/pages"}],"about":[{"href":"https:\/\/martizay.fr\/index.php\/wp-json\/wp\/v2\/types\/page"}],"author":[{"embeddable":true,"href":"https:\/\/martizay.fr\/index.php\/wp-json\/wp\/v2\/users\/1"}],"replies":[{"embeddable":true,"href":"https:\/\/martizay.fr\/index.php\/wp-json\/wp\/v2\/comments?post=24"}],"version-history":[{"count":8,"href":"https:\/\/martizay.fr\/index.php\/wp-json\/wp\/v2\/pages\/24\/revisions"}],"predecessor-version":[{"id":6985,"href":"https:\/\/martizay.fr\/index.php\/wp-json\/wp\/v2\/pages\/24\/revisions\/6985"}],"wp:featuredmedia":[{"embeddable":true,"href":"https:\/\/martizay.fr\/index.php\/wp-json\/wp\/v2\/media\/1762"}],"wp:attachment":[{"href":"https:\/\/martizay.fr\/index.php\/wp-json\/wp\/v2\/media?parent=24"}],"curies":[{"name":"wp","href":"https:\/\/api.w.org\/{rel}","templated":true}]}}